vided by 9?
8
Let m = -5 - -7. Suppose -u = 2*j - 7, 3 + 7 = 2*u + m*j. What is the remainder when u is divided by 1 - (-1 - 8)/9?
1
Suppose -3*w = u - 51, -u + 5*w + 0*w + 43 = 0. Suppose 4*b - 3*b = 20. What is the remainder when u is divided by b?
8
Let t be 0*((-12)/(-8) + -1). Suppose q - 1 + 3 = t. Calculate the remainder when 165/9 - q/(-6) is divided by 11.
7
Let d(n) = 6*n + 10 + 3 - 3 + n**2 + 6*n. Suppose -66 = -f - 0*f. What is the remainder when f is divided by d(-13)?
20
Let p = 1 + 11. Let d(o) = o**3 - 14*o**2 - o + 35. Let f be d(14). Let w = f - p. What is the remainder when 25 is divided by w?
7
Suppose 4*t + 3*n + 289 = 9*t, t = 2*n + 55. What is the remainder when 293 is divided by t?
57
Let y(r) = -r. Let k(a) = -a**3 + 7*a**2 + 6*a - 17. Let c(z) = k(z) + 6*y(z). Calculate the remainder when c(5) is divided by 12.
9
Suppose 30*x - 1232 = 8*x. Calculate the remainder when 275 is divided by x.
51
Let a = -3220 - -3261. Let x = 43 + -29. Calculate the remainder when a is divided by x.
13
Let i be (9 - 11)/(-1*(-6)/(-9)). Suppose -1 - 5 = -i*q, 2*q = -k + 47. What is the remainder when k is divided by 12?
7
Let h = -48 + 34. Let w = 17 + h. Suppose v + z = -w*v + 73, -5*v - z + 91 = 0. Calculate the remainder when v is divided by 5.
3
Let k be (-14)/(-2) - 2*(-4)/8. Suppose -j - k = -15. What is the remainder when 31 is divided by j?
3
Suppose 0 = -22*k + 31094 - 30698. Calculate the remainder when (53/(-1))/(1/(-2)) is divided by k.
16
Let t = -17 - -22. Let y be -1 - (t + -3 - -2). Calculate the remainder when 264/10 - (-2)/y is divided by 14.
12
Let t(v) = v**2 - 13 - 4*v - 5 + 3. Calculate the remainder when 48 is divided by t(8).
14
Let i(c) = 7*c**2 + 30*c - 65. What is the remainder when 181 is divided by i(2)?
20
Suppose 41 - 121 = -5*a. Let c(v) = 14*v - 10. Let t(o) = 2*o**3 - 4*o**2 + o + 2. Let u be t(2). Calculate the remainder when c(u) is divided by a.
14
Suppose -3*f = -2*f - 59. Suppose 0*a + 63 = 7*a. What is the remainder when f is divided by 6*6/a*-1 + 14?
9
Let r = -62 + 88. Suppose k - 14 = r. What is the remainder when 156 is divided by k?
36
Suppose 2*v = f + 3*v - 17, 0 = f + 2*v - 15. Let a be (-8)/3*-3 - 6. Suppose a*r - f = 73. What is the remainder when r is divided by 12?
10
Let u(z) = -z**2 - 6*z - 1. Let v be u(-6). Let w(h) = 20*h**2 - h - 1. Let p = -4 - -41. Calculate the remainder when p is divided by w(v).
17
Suppose 5*r + 0*r - 264 = 2*a, 5*r - 258 = -a. Suppose 0 = 8*s - 12*s + r. What is the remainder when (-6)/(-8) - (-93)/4 is divided by s?
11
Let t = -827 + 1089. Calculate the remainder when t is divided by 65.
2
Let g(h) = h + 22. Let b be g(-15). Let d = -19 + b. What is the remainder when 46 is divided by 148/6 - (-8)/d?
22
Let w be ((-6)/(-24))/(-1*(-3)/84). Calculate the remainder when 47 is divided by ((504/(-15))/w)/(2/(-10)).
23
Let d = -35 + 35. Calculate the remainder when 62 is divided by -1 + d/(-1) + 8.
6
Let m be (-3)/7 + 20/(-35). Calculate the remainder when 115/9 - (m + 21/27) is divided by 8 - (2/1)/2.
6
Suppose 0*p + 48 = w - 3*p, -4*w - 4*p = -112. Calculate the remainder when 789 is divided by w.
30
Let a be ((14/4)/7)/(2/224). Suppose -u + 37 = -a. What is the remainder when u is divided by 24?
21
Let d(v) = -v**3 + 7*v**2 - 2*v - 3. Let k be d(-5). Let y = k + -107. Calculate the remainder when y is divided by 51.
47
Suppose 472*n = 461*n + 154. What is the remainder when 315 is divided by n?
7
What is the remainder when ((72/20)/(-6))/(3/(-1915)) is divided by 43?
39
Let o(z) = 9*z**2 + 4*z - 1. Suppose 0 = 67*k - 75*k + 192. Calculate the remainder when o(-3) is divided by k.
20
Let t(l) = -2*l**3 - l**2 - 22. Let s = 27 + -13. Suppose 9*j - 4*j = -5*r + 50, -2*r + j + s = 0. What is the remainder when t(-3) is divided by r?
7
Let g be (0*2/10)/(-1). Suppose 5*j - 53 = -4*l, g*l + 4*j - 27 = -l. What is the remainder when l is divided by 2?
1
Let v(x) = 4*x**2 - 5*x + 2. Let u be v(3). Suppose u = 3*d - 148. What is the remainder when d is divided by 10?
7
Suppose -4*m - 17 = 7. Let n = 10 - m. Calculate the remainder when 79 is divided by n.
15
Suppose 4*k + 5*g - 346 = 0, -3*k + 3*g + 118 + 128 = 0. Calculate the remainder when k is divided by 20.
4
Let b = -45 - -29. Let r(t) = t**3 + 16*t**2 - 5*t - 2. What is the remainder when r(b) is divided by 29?
20
Let c(t) = t**3 + 9*t**2 - 11*t + 11. What is the remainder when c(-10) is divided by 2 - -3 - (-8)/8?
3
Calculate the remainder when (-1)/(-8) + 506/176 - -436 is divided by 63.
61
Suppose 16 = -z - 36. Let a = -24 - z. Suppose 2*q = 2*g - 6*g + 58, 4*q - 11 = -g. Calculate the remainder when a is divided by g.
13
Suppose 0 = -20*k + 319 + 61. What is the remainder when 339 is divided by k?
16
Suppose -14*n + 13*n - 2 = 0, -3*n + 20 = 2*c. Calculate the remainder when 60 is divided by c.
8
Let b(x) be the third derivative of -7*x**2 + 0 - 1/6*x**3 + 0*x - 1/24*x**4 + 13/20*x**5. Calculate the remainder when b(-1) is divided by 8.
7
Suppose -22*a + 36*a = 336. Calculate the remainder when a is divided by 1.
0
Suppose 2*r - 2 = 0, -2*c - 6*r + 37 = -3*r. What is the remainder when 33 is divided by c?
16
Suppose 582 = 38*l - 140. What is the remainder when 987 is divided by l?
18
Let g(l) = -47*l - 15. Let w be g(-3). Let a = -77 + w. What is the remainder when a is divided by 17?
15
Let h = 1 + 4. Suppose 192 = s + h*s. Suppose -5*p - 55 = -10*p. What is the remainder when s is divided by p?
10
Let k(b) = -113*b - 1213. Calculate the remainder when 163 is divided by k(-11).
13
Suppose 2*d + 2*s + 8 - 136 = 0, 3*s = -d + 58. Let g = -39 + 62. What is the remainder when d is divided by g?
21
Calculate the remainder when -3*(-50)/5 + 6 + -5 is divided by 11.
9
Let g = 734 + -611. What is the remainder when g is divided by 44?
35
Let o(k) be the first derivative of -6*k**2 - 18*k - 2. What is the remainder when o(-5) is divided by 11?
9
Let b(r) = -r**2 - 14*r - 6 - 15*r + 18*r. Let p be b(-11). Calculate the remainder when p/(-1) + -3 + 3 is divided by 4.
2
Let i(b) = -b + 2 + 1 - 1 + 0*b. Let l = -72 + 68. What is the remainder when i(l) is divided by 3?
0
Suppose -t = 3*q - 859, 28 = 5*q + 13. What is the remainder when t is divided by 95?
90
Suppose -7 + 12 = q. Suppose 4*x + 0 = -y + 54, q*x - 108 = -2*y. Let o = -1 + 12. Calculate the remainder when y is divided by o.
10
Let y = 1014 + -689. Calculate the remainder when y is divided by 33.
28
Let s be (4/10)/((-1)/20). Suppose 2*m - m = 16. What is the remainder when ((-87)/6)/(4/s) is divided by m?
13
Let t = 7 - -1. Suppose 0 = 30*b - 323 - 67. Calculate the remainder when b is divided by t.
5
Suppose 1277 + 243 = 40*m. Calculate the remainder when 124 is divided by m.
10
Suppose v - 4*q - 9 = 2, 5*v = 4*q + 55. Let n(x) = -3*x + 13*x - 10*x + 20 - x. Calculate the remainder when n(-12) is divided by v.
10
Suppose 4*u + u + l - 26 = 0, 3*u - 26 = 2*l. Let p be -24 + u/(-3) + 2. What is the remainder when 46 is divided by 0 + p*(1 - 2)?
22
Let w be -3*-5*9 - (-2 + -1). Let n = w + -98. What is the remainder when n is divided by 15?
10
Let v be (-1 - -6)*11/11. Suppose 4*m + 32 = -2*g, g = 2*m + v*g + 16. Let w = m - -16. What is the remainder when 31 is divided by w?
7
Suppose 0 = -2*o - 21 + 43. Let q = -10 - -62. Calculate the remainder when q is divided by o.
8
Let z = 18 + 129. Calculate the remainder when z is divided by 25.
22
Let k(w) = -7*w**2 - 7*w - 3. Let n = -3 + -2. Let g(f) = 4*f**2 + 4*f + 2. Let r(j) = n*g(j) - 3*k(j). Calculate the remainder when 12 is divided by r(-3).
2
Suppose 320 = 4*p - 0*b - 4*b, 4*b - 4 = 0. Suppose 0 = -3*r + 2*r + p. Calculate the remainder when r is divided by 21.
18
Let t = -2404 - -2421. Let p = -91 - -153. What is the remainder when p is divided by t?
11
Let f be 3 + (-4)/(-4) + 3. What is the remainder when 165 is divided by 6/(-14) - ((-206)/f - -1)?
25
Let m(v) = 26*v**2 + v - 5. Calculate the remainder when m(2) is divided by (-387)/(-15) - (-1)/5.
23
Suppose 0 = 4*l - 2*i + 24, 4*l = 3*i - 2*i - 22. Let k = 7 + l. Suppose 3*z = -14 + k, 5*x - 223 = -3*z. Calculate the remainder when x is divided by 25.
22
Let d(j) = -j**2 + 7*j - 8. Let l be d(6). Calculate the remainder when (-268)/(-18) - l/18 